 0 = -6*g + g + z. What is the highest common factor of 3 and g?
3
Let d be (-2)/3 + (-34)/(-6). Suppose d*f = -5*i + 5, 8 = 5*i + 2*f - 0. Let u be 3/((-6)/i)*-11. Calculate the greatest common divisor of 110 and u.
11
Let v be -2*((-5)/2 + 0). Let k = 70 + -40. Let j = k + 15. Calculate the greatest common factor of v and j.
5
Suppose 24*v - 18*v = 276. Suppose 4*w = -r + 465, 0*w = -w + r + 110. Calculate the highest common divisor of w and v.
23
Let m be (-41 - -47) + 2/(-1). Let o = -9 - -15. What is the highest common factor of m and o?
2
Suppose 6*f + 18*f = 3168. What is the greatest common divisor of f and 33?
33
Suppose -34*f - 19*f = -4293. What is the greatest common divisor of f and 216?
27
Let t(d) = 3*d**2 + 27*d + 35. Let x be t(-10). Calculate the greatest common divisor of 5 and x.
5
Let l = 346 + -344. What is the greatest common factor of l and 80?
2
Let f = 2 - 4. Let t be (f - -5 - -4) + -2. Suppose -t*a = -0*a - 15. What is the highest common divisor of 24 and a?
3
Let w = 46 - 26. Let b = w + 34. Let i = b + -32. Calculate the highest common divisor of i and 88.
22
Let q = -7 - -7. Suppose -3*b = -6*b + h + 65, -5*b + 4*h + 106 = q. Let x = b + 5. What is the highest common factor of 54 and x?
27
Let j = 373 - 363. Let n be -2*(1 + 6*3). Let w = -23 - n. What is the greatest common factor of w and j?
5
Let a = -157 + 309. Let o = -4 + 12. Calculate the highest common factor of o and a.
8
Let v = 80 + -74. Let w be 993/5 + -1 + v/15. What is the greatest common factor of w and 22?
22
Suppose 3*s - 2*s = 3*b + 56, 0 = 4*b. Let z = 19 + -11. Suppose 0*w - z = -w. Calculate the greatest common factor of s and w.
8
Suppose -13*g - 54*g = -16884. Calculate the highest common factor of g and 532.
28
Let h be (3 - (4 - 519/2))*2. Calculate the greatest common factor of 47 and h.
47
Let f be (4/12)/(1/(-21)). Let b = 13 - f. Suppose 12 = -y + 3*y - 4*g, 5*y = 5*g + b. What is the highest common divisor of y and 12?
2
Let d(t) = -2*t**3 - 3*t**2 - t + 4. Let k be d(-2). Calculate the greatest common divisor of k and 40.
10
Suppose 0 = -13*n + 9*n + 116. Let f = n - 6. Calculate the greatest common divisor of f and 253.
23
Suppose 0 = -625*o + 642*o - 3009. Calculate the greatest common divisor of 3 and o.
3
Suppose -2*i - 2*i = 0. Let z = i + 4. Suppose -z*b = -35 - 65. What is the greatest common divisor of 5 and b?
5
Let o(k) = -3*k - 5 - 12*k**2 + 16 - 10*k + k**3 + k. Let t be (-24 + -1*2)/(-2). Let w be o(t). What is the greatest common divisor of w and 6?
6
Suppose -30 + 18 = -4*f. Suppose -f*s - 2*n - 36 + 159 = 0, -4*s - 2*n + 162 = 0. What is the greatest common divisor of s and 117?
39
Let f(o) = 14*o**2 - 9*o - 8. Let r be f(-4). Calculate the greatest common factor of r and 28.
28
Let x = -100 + 104. What is the greatest common factor of 11 and x?
1
Suppose 4*b + 3*q = 25866, -3*b = -5*q - 22480 + 3066. What is the highest common factor of 132 and b?
132
Let r(z) = z**2 - 3*z - 1. Let f be r(6). Let t = f + -13. Suppose t*g - 57 = 2*a - 5*a, -2*a + 54 = 4*g. What is the highest common divisor of 132 and g?
12
Suppose 23*t - 19*t = 0. Suppose -n - 4*s + 33 + 12 = t, -190 = -3*n - s. Calculate the greatest common factor of 52 and n.
13
Let i be (-2 - -2 - -3)*(-190)/(-30). Suppose 5*q - 76 = 89. Suppose i = 2*b - q. Calculate the highest common divisor of b and 39.
13
Let w = -83 + 19. Let g = 96 + w. What is the greatest common factor of g and 256?
32
Let w be 20/5*(-18 - -21). Calculate the highest common factor of w and 324.
12
Let s(k) = k**3 + 25*k**2 - 25*k + 30. Let g be s(-26). Let q be (416/(-28) - g)/(2/(-42)). What is the highest common factor of q and 36?
36
Let k(x) = 5*x**3 - x**2 - x - 3. Let u be k(3). Calculate the highest common factor of u and 15.
15
Let h(y) = y**3 - 6*y**2 - 21*y - 16. Let z be h(9). Calculate the greatest common divisor of z and 171.
19
Suppose 2*l + 18 = -v + 4*v, 15 = 5*l. Suppose -v + 9 = a. Calculate the greatest common factor of a and 1.
1
Suppose -39 - 3 = -6*p. Calculate the greatest common factor of 14 and p.
7
Let b = 78 - 30. Let f be 33/(-100) - 8/(-32) - (-7208)/100. What is the greatest common factor of f and b?
24
Let i(y) = y**3 + 25*y**2 + 20*y - 48. Let d be i(-24). Calculate the highest common factor of d and 216.
24
Let b(p) = -p**2 - 14*p + 20. Let w be b(-14). Suppose -y = -3*y + w. Let t = -92 + 152. What is the highest common divisor of t and y?
10
Suppose 5*c + 4*g = 2920, -4*c - 7*g + 12*g + 2377 = 0. What is the greatest common divisor of c and 42?
42
Let v(l) = -l**3 + 8*l**2 - 3*l + 17. Let p be 8 + 3/(15/(-5)). Let m be v(p). What is the greatest common divisor of 9 and m?
9
Suppose 0 = 2*c - 4*r - 26 - 4, 0 = -r - 5. Let a = c + 6. Let t = 149 - 105. Calculate the greatest common divisor of a and t.
11
Suppose 8*z - 5*z - 2*u - 148 = 0, 4*u + 56 = z. Calculate the greatest common divisor of 54 and z.
6
Suppose -19*c + 32*c = 6500. Calculate the greatest common factor of 20 and c.
20
Let h(k) = 3*k + 5. Let m be h(5). Suppose -176*j = -172*j - 2*g - 8, 4*j + 5*g = 36. Calculate the greatest common factor of m and j.
4
Suppose 2*f = -l + 345, -6*l + 685 = 4*f - 5*l. What is the greatest common factor of f and 51?
17
Let n(b) = 4*b**2 + 42*b + 27. Let f be n(-10). Calculate the greatest common factor of f and 5.
1
Suppose -r + 3*r = -4, 5*k + 716 = 2*r. Let h = k - -334. What is the highest common divisor of h and 10?
10
Let s = -9 - -12. Suppose -10 = -s*b + 5. Suppose -3*c - 2*c + b*u + 205 = 0, c - 3*u = 51. What is the highest common divisor of c and 9?
9
Let v be ((-42)/(-12))/(29/(-14) - -2). Let j = -35 - v. Calculate the greatest common factor of 112 and j.
14
Suppose d = -4*r + 79, 4*d - 182 = d - r. Let l(n) = -2 - 1 - d*n - 4 + 8. Let q be l(-1). Calculate the greatest common divisor of 40 and q.
20
Suppose 0 = 6*c - 2*c - 492. Let u = -83 + c. Calculate the greatest common factor of u and 10.
10
Let m be (120/18 - 7) + 530/6. Suppose -19 = -2*i + s, -6*s - 9 = -3*s. What is the highest common divisor of m and i?
8
Let a be -39*((-26)/39)/(4/110). What is the greatest common factor of a and 65?
65
Suppose 11*c = 3*c + 3264. Calculate the greatest common factor of 24 and c.
24
Let g = 0 + 0. Let n be (g - 0) + -2 + 3. What is the greatest common divisor of n and 2?
1
Let g(p) = p**3 + 21*p**2 + 3*p - 130. Let j be g(-16). What is the greatest common factor of 116 and j?
58
Let s = 2074 + -1361. What is the highest common divisor of s and 161?
23
Let q be 20/(-8)*(-30)/25. What is the greatest common factor of 123 and q?
3
Let w(u) = 23*u**2 + 3*u + 2. Let i be w(-3). Suppose -i = l - 6*l. Let z(x) = 15*x - 115. Let q be z(8). What is the greatest common divisor of q and l?
5
Suppose 4*t - w - 98 = 0, -3*w + 2*w + 22 = t. Let a be (t - 1 - -2)*(-84)/(-35). Calculate the highest common divisor of 40 and a.
20
Let p = 758 - 647. What is the greatest common factor of p and 3?
3
Let d = -15 - -25. Suppose -f + h - 8 = 0, 0 = -4*h - 8. Let l = f - -20. Calculate the highest common factor of l and d.
10
Let a = 150 + -34. Calculate the highest common factor of 29 and a.
29
Let o = 123 - 18. What is the greatest common divisor of o and 175?
35
Let a be -2*6*(-5)/20. Suppose -q + 4*p = 0, a*q = q - 4*p + 12. Suppose -j + 3 + 9 = 0. Calculate the highest common divisor of q and j.
4
Suppose -319 = -3*f - 4*l, 2*l + 85 + 438 = 5*f. Calculate the highest common factor of 49 and f.
7
Let r = 59 + -40. Let c = r - 14. Suppose -t + 1 = u - 3, 30 = c*u - 5*t. Calculate the highest common factor of 55 and u.
5
Suppose -4*x = 3*v - 8*v - 101, -97 = -4*x + v. Let u = -21 + 1. Let c = u - -36. What is the greatest common factor of x and c?
8
Let l = -1376 + 1460. Let k(w) = -w**3 + 1. Let d be k(-3). What is the highest common factor of d and l?
28
Let l(n) = -3*n**2 + 24*n - 34. Let d be l(6). What is the highest common factor of d and 38?
2
Let q be (-2 + 80)*15/9. Calculate the greatest common factor of 30 and q.
10
Suppose 0 = -3*h + 2*m + 324, 2*m = -6*h + 11*h - 540. Let f be 33/2 - (-15)/10. What is the greatest common factor of h and f?
18
Suppose 0 = -4*f + 2 - 50. Let i be 8/(-2)*9/f. Let l(a) = a**3 + 3*a**2 - 3*a + 3. Let y be l(i). Calculate the h